is divided by ((-6)/(-5))/(21/r).
7
Let t(o) = 33*o - 51. Let l be t(7). Suppose 2*z - x - 245 = -2*z, 3*z - 2*x = l. Calculate the remainder when z is divided by 22.
18
Suppose -5 = 5*m, -5 = -4*n - 0*m + m. What is the remainder when 27 is divided by -12*(-10)/16 + n/(-2)?
6
Let x = -1854 + 1883. What is the remainder when 260 is divided by x?
28
Let f = 105 - 83. Suppose -3*u = -0*u - 255. What is the remainder when u is divided by f?
19
Let u(d) = d**2 + 9*d - 8. Let s be u(-7). Suppose -9*g = -5*g - 2*k - 114, -4*k - 72 = -2*g. Let i = s + g. What is the remainder when 21 is divided by i?
1
Let n = 340 + -19. What is the remainder when n is divided by 65?
61
Let i = 85 - 78. Let n(b) = 4*b - 12. Calculate the remainder when 62 is divided by n(i).
14
Let b be (3 - 5) + 39 + 3. Suppose o = 4*n - 132 - b, 4*o - 215 = -5*n. Let j(d) = d + 15. What is the remainder when n is divided by j(0)?
13
Let r = 34 - 28. Suppose v + n - 2 = 10, -5*n = -v + r. Calculate the remainder when 41 is divided by v.
8
Suppose 3*i = 14*i + 35 - 112. Let m(g) = g + 7. Let d be m(6). Let x = -7 + d. Calculate the remainder when i is divided by x.
1
Let r(c) = -c**2 - 5*c + 94. What is the remainder when r(-12) is divided by 2?
0
Let f be -10*(-4)/8 - 5. Suppose f = 3*s - 94 - 245. What is the remainder when s is divided by 29?
26
Suppose 9*t = 12*t - 60. Calculate the remainder when (-834)/(-8) - 5/t is divided by 35.
34
Suppose 0 = -13*o + 10*o - 3. Let a = o + 29. Calculate the remainder when (-1)/(a/584)*-7 is divided by 37.
35
Let m(o) = -o**2 - 11*o + 10. Let w(l) = -2*l**2 - 8*l - 11. Let x be w(-4). Calculate the remainder when 59 is divided by m(x).
9
Let x = -463 - -547. What is the remainder when x is divided by 6?
0
Calculate the remainder when 92 is divided by 2/(-5) + -28*21/(-20).
5
Let k = -120 - -201. Suppose 8*x - 3*x - 3*j = 135, 3*x - k = -j. Suppose s + 20 = 3*s. What is the remainder when x is divided by s?
7
Let k(h) = 6*h**2 - 5*h + 1. Calculate the remainder when k(2) is divided by 6.
3
Let v = 146 + -75. Calculate the remainder when 638 is divided by v.
70
Suppose 95 = 3*v + 2*s, 2*s + 2 + 2 = 0. Calculate the remainder when 117 is divided by v.
18
Let b = 423 + -351. What is the remainder when 142 is divided by b?
70
Let j = 175 - 170. Let d = -13 - -28. What is the remainder when d is divided by j?
0
Suppose 3*d - 2*d - 5*i = -2, 10 = 5*i. Let m be (d/5 - 2)*5. What is the remainder when 35 is divided by (-1)/(2/(-22)) + m?
8
Let u(y) = y**3 + 8*y**2 + 4*y + 1. Let i be u(-5). Suppose v - 4*m = 4*v - i, -v - 3*m = -27. What is the remainder when 59 is divided by v?
11
Let n = -346 - -147. Let h = 395 + n. Suppose -j - 2*j = -3*x - 132, -h = -5*j - x. What is the remainder when j is divided by 14?
12
Let l(p) = -p**3 + 15*p**2 - 13*p - 3. Let c be l(14). What is the remainder when 26 is divided by c/2 - (-6)/12?
2
Let r = 569 - 439. Calculate the remainder when r is divided by 17.
11
Let z(o) = 34*o**2 + o + 2. Calculate the remainder when z(1) is divided by 22.
15
Let g(s) = -8*s**2 - 100*s - 16. Calculate the remainder when g(-10) is divided by 81.
22
Suppose 4*o + 4*l - 88 = 0, o = 5*o + 2*l - 92. Let s be (-1 - -4) + -3 + 2. Suppose d = -s*d + 21. Calculate the remainder when o is divided by d.
3
Suppose -8 = -c + 2. Let v = c + -1. Let x(s) = -s**2 - 4*s - 1. What is the remainder when v is divided by x(-3)?
1
Let s be ((-132)/7)/(87/(-21) - -4). Suppose -4*m + s = -m. Calculate the remainder when 175 is divided by m.
43
Suppose 16 = -76*j + 72*j. Let p(m) = 3*m + 18. What is the remainder when 26 is divided by p(j)?
2
Let u be 3 - -1*(3 + 0 + 1). Suppose 2*c - 11 = -m, -c + u = 2*m - 2*c. What is the remainder when 13 is divided by m?
3
Let b(l) be the second derivative of l**4/12 - l**3 + 7*l**2/2 + 2*l. Let c be (17 - (-3 - -6 - 0))/2. Calculate the remainder when b(c) is divided by 8.
6
Suppose -27*t - 10 = -32*t. Suppose 2*q - 109 = -2*q - 3*a, t*a + 69 = 3*q. Calculate the remainder when q is divided by 8.
1
Let p = -727 + 764. Calculate the remainder when 184 is divided by p.
36
Let x(o) = 12*o + 9. Let c(j) = -j**2 + 2*j + 12. Let b be c(5). Let s be x(b). Let k = 31 + s. Calculate the remainder when 15 is divided by k.
3
Let j(z) = 121*z**3 + z**2 - 2*z + 1. Let r(k) = 2*k**2 - 9*k + 7. What is the remainder when j(1) is divided by r(6)?
21
Suppose 0*w - 6 = 3*w. Let o(v) = -4*v**3 - 2*v. Let q be o(w). Let i = q + -24. Calculate the remainder when 45 is divided by i.
9
Suppose -5 + 17 = 3*q. Suppose q*u - 3*l + 5*l = 42, 14 = u + 4*l. Calculate the remainder when 8 is divided by (u/((-2)/(-1)))/1.
3
Suppose -7 - 8 = -5*s. What is the remainder when 4 is divided by s?
1
Let p = 1164 - 1107. Calculate the remainder when 966 is divided by p.
54
Suppose 3*c - c = 5*d, -4*d + 56 = 4*c. Suppose -13 = 2*w + 27. Let p = w + 38. What is the remainder when p is divided by c?
8
Calculate the remainder when -5 + (17 - 9) + 102 is divided by 12.
9
Suppose -3 = -13*t + 10. Let q(n) = 2*n + 1. What is the remainder when q(2) is divided by t?
0
Let w(f) = -6*f**2 - 42*f - 1. What is the remainder when w(-5) is divided by 49?
10
Let z = 10 - 2. Let m(u) = 48*u**2 - u. What is the remainder when m(-1) is divided by 1 - 0 - (-20 + z)?
10
Let b = 139 - 86. Let j = 14 + b. What is the remainder when j is divided by 136/10 + 1 + (-3)/5?
11
Suppose 3*m = 6*i - i + 30, -2*m - 5 = 5*i. Let y = -1 + 5. What is the remainder when m is divided by y?
1
Suppose 19*x - 18*x = 27. Suppose 0 = o - 4 - 0. Suppose o*d = 2*a + 214, -4*d - 3*a + 217 = -6*a. What is the remainder when d is divided by x?
25
Let m = 3 + -1. Let s be 0 + 1 + (29 - -2). Suppose 0 = m*x - s. What is the remainder when x is divided by 6?
4
Let c = 2336 + -2007. Calculate the remainder when c is divided by 3.
2
Calculate the remainder when 249 is divided by 2 + (4 + 19/(-5))*15.
4
Let p be 7*(54/(-14) + 3). Let x(m) = -m**3 - 4*m**2 - 4*m - 9. Calculate the remainder when x(p) is divided by 3/(((-18)/(-44))/3).
21
Let q(n) = -n**2 - 7*n - 4. Let y be q(-6). What is the remainder when 33 is divided by (6 - y)*63/14?
15
Calculate the remainder when (-2)/6 + -8 + 12051/27 is divided by 9.
6
Suppose 104 = 5*a - 2*q, 5*a - q - 16 = 91. Let p(t) = -t**2 - 20*t + 1. Let i(u) = 8*u + 2. Let h be i(-2). What is the remainder when p(h) is divided by a?
19
Suppose 2*f + w - 883 = 0, 4*f + 3*w - 1761 = -0*f. What is the remainder when f is divided by 45?
39
Suppose 2*g - 98 = -m, -5*g + 243 = 3*m - 51. Calculate the remainder when 489 is divided by m.
97
Let q(h) = -2*h**3 - 8*h**2 + 3*h + 30. Let a be q(-5). Suppose -3*y - a = -95. What is the remainder when 19 is divided by y?
9
Suppose 5*l + 5 = 15. Calculate the remainder when 100 is divided by 1331/77 - l/7.
15
Suppose -4*p - 5*m + 100 = 0, 3*p + 3*m - 100 = -p. Let n(l) = -66*l + 2045. Calculate the remainder when n(30) is divided by p.
15
Let x = 632 - 1700. What is the remainder when x/(-15) - (-12)/15 is divided by 37?
35
Let f(x) = -21*x + 211. What is the remainder when 297 is divided by f(8)?
39
Let i(l) = -8*l + 311. What is the remainder when i(9) is divided by 27?
23
Let u = 335 - 200. Calculate the remainder when u is divided by 71.
64
Let m(x) = -46*x - 2. Calculate the remainder when 126 is divided by m(-1).
38
Suppose -z + 85 = 4*x, 5*x - 110 = -2*z - 0. Suppose -3*k + 0*k = 2*p - 20, -3*k - x = -2*p. What is the remainder when 39 is divided by p?
9
Let z be (2 + -2 - -3) + (4 - 3). Suppose 0 = j - 4*i + 2*i, -4*j - z*i + 36 = 0. What is the remainder when 17 is divided by j?
5
Suppose -12*p = -5*l - 11*p + 143, 2*l - 62 = 2*p. What is the remainder when 28 is divided by l?
0
Let v(f) = 2*f**2 + 5*f + 3. Let s = -17 - -4. Let t = s + 9. What is the remainder when v(t) is divided by 9?
6
Suppose 4*y - 22 = 10. Suppose 2 = 2*l - 3*l - 5*p, -3*l - p = 20. Let q = l + y. Calculate the remainder when q is divided by 1.
0
Let j be (3 - (-2)/(-1))/(-1) - -4. Suppose -14 = p - 5*u - 1, p - u - j = 0. Calculate the remainder when 25 is divided by p.
4
Suppose 4*t + 3*g - 192 = 0, 26*t - 28*t = -5*g - 96. Calculate the remainder when 73 is divided by t.
25
Let r(a) = a**3 - 2*a**2 + a. Let j be r(2). Suppose 2 = -n - j*i + 1, 0 = n -